the prime factors of 248813.
248813
What are the prime factors of 24367442?
2, 11, 23, 48157
What are the prime factors of 123943?
41, 3023
List the prime factors of 772825.
5, 19, 1627
List the prime factors of 8599777.
613, 14029
List the prime factors of 59927.
7, 1223
What are the prime factors of 131833?
13, 10141
What are the prime factors of 198592?
2, 29, 107
What are the prime factors of 321505?
5, 64301
What are the prime factors of 13896?
2, 3, 193
List the prime factors of 9526197.
3, 3175399
What are the prime factors of 922590?
2, 3, 5, 17, 67
List the prime factors of 98829.
3, 79, 139
What are the prime factors of 497079?
3, 11, 5021
List the prime factors of 5475475.
5, 219019
List the prime factors of 84060.
2, 3, 5, 467
What are the prime factors of 200279?
19, 83, 127
List the prime factors of 208819.
13, 16063
What are the prime factors of 3042016?
2, 95063
List the prime factors of 142523.
359, 397
List the prime factors of 1013810.
2, 5, 7, 2069
What are the prime factors of 231611?
231611
List the prime factors of 10683879.
3, 3561293
List the prime factors of 6410480.
2, 5, 227, 353
List the prime factors of 47882.
2, 89, 269
What are the prime factors of 1688762?
2, 331, 2551
List the prime factors of 956821.
19, 50359
List the prime factors of 12510.
2, 3, 5, 139
What are the prime factors of 91811?
91811
List the prime factors of 1252779.
3, 11, 37963
What are the prime factors of 14268?
2, 3, 29, 41
What are the prime factors of 416463?
3, 138821
What are the prime factors of 409270?
2, 5, 40927
What are the prime factors of 680716?
2, 170179
List the prime factors of 312341.
17, 19, 967
List the prime factors of 4271970.
2, 3, 5, 157, 907
What are the prime factors of 29877757?
7, 13, 328327
List the prime factors of 5434699.
1163, 4673
What are the prime factors of 774418?
2, 17, 22777
What are the prime factors of 10326117?
3, 29, 118691
List the prime factors of 133598.
2, 67, 997
List the prime factors of 350127.
3, 38903
What are the prime factors of 2616517?
257, 10181
What are the prime factors of 150929?
150929
List the prime factors of 490471.
313, 1567
What are the prime factors of 6290538?
2, 3, 1048423
List the prime factors of 28188097.
7, 167, 24113
What are the prime factors of 23554361?
23554361
List the prime factors of 1878907.
41, 45827
List the prime factors of 204528.
2, 3, 4261
List the prime factors of 9571932.
2, 3, 31, 953
List the prime factors of 3999885.
3, 5, 37, 7207
What are the prime factors of 827644?
2, 206911
List the prime factors of 14128793.
7, 53, 38083
List the prime factors of 2730149.
17, 41, 3917
List the prime factors of 582903.
3, 21589
What are the prime factors of 781538?
2, 53, 73, 101
List the prime factors of 5144005.
5, 467, 2203
List the prime factors of 222488.
2, 7, 29, 137
List the prime factors of 1968132.
2, 3, 164011
What are the prime factors of 1712723?
269, 6367
What are the prime factors of 848913?
3, 13, 21767
List the prime factors of 22889224.
2, 19, 150587
List the prime factors of 548579.
548579
What are the prime factors of 473183?
83, 5701
What are the prime factors of 710639?
71, 10009
What are the prime factors of 721357?
7, 13, 7927
What are the prime factors of 2695202?
2, 29, 31, 1499
List the prime factors of 6185637.
3, 17, 40429
What are the prime factors of 23509?
23509
List the prime factors of 13594.
2, 7, 971
What are the prime factors of 1317272?
2, 11, 14969
What are the prime factors of 811876?
2, 13, 1201
What are the prime factors of 86353?
86353
What are the prime factors of 20517858?
2, 3, 809, 1409
What are the prime factors of 7388455?
5, 17, 86923
What are the prime factors of 11477386?
2, 5738693
What are the prime factors of 13499474?
2, 1223, 5519
List the prime factors of 11463630.
2, 3, 5, 211, 1811
List the prime factors of 4539201.
3, 1513067
List the prime factors of 96724.
2, 24181
List the prime factors of 2269318.
2, 23, 49333
What are the prime factors of 384453?
3, 29, 491
What are the prime factors of 440907?
3, 47, 53, 59
List the prime factors of 15744039.
3, 61, 227, 379
List the prime factors of 1915621.
107, 17903
List the prime factors of 129848.
2, 16231
List the prime factors of 11849058.
2, 3, 13, 16879
What are the prime factors of 1464564?
2, 3, 31, 127
What are the prime factors of 14559922?
2, 13, 17, 32941
What are the prime factors of 196439?
196439
List the prime factors of 329285.
5, 11, 5987
What are the prime factors of 1768294?
2, 11, 7307
List the prime factors of 332731.
7, 47533
List the prime factors of 2700712.
2, 7, 29, 1663
List the prime factors of 15815388.
2, 3, 101, 13049
List the prime factors of 1801105.
5, 19, 18959
List the prime factors of 2608350.
2, 3, 5, 17389
What are the prime factors of 25152129?
3, 17, 31, 5303
What are the prime factors of 681730?
2, 5, 7, 9739
List the prime factors of 330041.
330041
What are the prime factors of 977671?
977671
What are the prime factors of 2207146?
2, 593, 1861
List the prime factors of 19950111.
3, 61, 12113
What are the prime factors of 2505615?
3, 5, 7, 487
What are the prime factors of 4325408?
2, 29, 59, 79
What are the prime factors of 442071?
3, 7, 2339
List the prime factors of 768918.
2, 3, 128153
What are the prime factors of 397603?
97, 4099
What are the prime factors of 601524?
2, 3, 7, 11, 31
What are the prime factors of 7055167?
7, 67, 307
What are the prime factors of 43360?
2, 5, 271
What are the prime factors of 7657105?
5, 271, 5651
List the prime factors of 120088.
2, 17, 883
List the prime factors of 5590549.
5590549
List the prime factors of 158641.
7, 131, 173
What are the prime factors of 12150517?
67, 151, 1201
List the prime factors of 53856.
2, 3, 11, 17
List the prime factors of 6534323.
23, 43, 6607
List the prime factors of 159866.
2, 7, 19, 601
List the prime factors of 2121324.
2, 3, 176777
List the prime factors of 705719.
7, 181, 557
What are the prime factors of 127099?
7, 67, 271
List the prime factors of 6231660.
2, 3, 5, 283, 367
List the prime factors of 7399860.
2, 3, 5, 13, 53, 179
What are the prime factors of 735596?
2, 173, 1063
What are the prime factors of 434274?
2, 3, 72379
What are the prime factors of 957489?
3, 13, 24551
What are the prime factors of 1699407?
3, 113, 557
What are the prime factors of 975367?
975367
What are the prime factors of 14371062?
2, 3, 2395177
List the prime factors of 1336068.
2, 3, 89, 139
What are the prime factors of 250679?
11, 13, 1753
What are the prime factors of 860798?
2, 23, 18713
What are the prime factors of 2849050?
2, 5, 19, 2999
What are the prime factors of 7873660?
2, 5, 393683
List the prime factors of 251645.
5, 50329
What are the prime factors of 70300?
2, 5, 19, 37
List the prime factors of 1650260.
2, 5, 109, 757
List the prime factors of 170767.
170767
List the prime factors of 6170777.
487, 12671
What are the prime factors of 16467580?
2, 5, 577, 1427
What are the prime factors of 21615565?
5, 1657, 2609
What are the prime factors of 16245?
3, 5, 19
What are the prime factors of 18050293?
3391, 5323
What are the prime factors of 5648691?
3, 1163, 1619
List the prime factors of 418950.
2, 3, 5, 7, 19
List the prime factors of 13356839.
13356839
What are the prime factors of 1590432?
2, 3, 16567
List the prime factors of 8082691.
8082691
What are the prime factors of 1575184?
2, 13, 7573
List the prime factors of 9854905.
5, 797, 2473
List the prime factors of 2977312.
2, 13, 17, 421
List the prime factors of 3226362.
2, 3, 17, 47, 673
List the prime factors of 504461.
504461
What are the prime factors of 1078172?
2, 269543
List the prime factors of 9546827.
1693, 5639
What are the prime factors of 338101?
199, 1699
List the prime factors of 198810.
2, 3, 5, 47
List the prime factors of 3637035.
3, 5, 29, 929
What are the prime factors of 436369?
479, 911
What are the prime factors of 4906631?
4906631
What are the prime factors of 31053903?
3, 10351301
List the prime factors of 696525.
3, 5, 37, 251
List the prime factors of 768066.
2, 3, 13, 43, 229
List the prime factors of 25101.
3, 2789
What are the prime factors of 4200190?
2, 5, 17, 31, 797
What are the prime factors of 11460017?
29, 395173
What are the prime factors of 1612